f?
0
What is the thousands digit of 2*7275/(-9)*(-1650)/125?
1
Let x = -413 - -418. What is the hundreds digit of 640 + x/((-20)/(-28))?
6
Suppose -235*c = -2935055 - 1198830. What is the units digit of c?
1
Let j(r) = 20*r + 48*r + 800 - 253 + 818. What is the thousands digit of j(0)?
1
Let s(x) = -2*x - 11. Let m be s(-9). Suppose 0*a = m*a - 4088. What is the hundreds digit of a?
5
Let h(z) = 8*z - 24. Let p be h(17). Suppose -9*m + 5 = -p. Suppose 1 - m = -2*w. What is the units digit of w?
6
Let x be (-6)/21 + 2/7 - -8. Let q be 2/4*(x - -2). Suppose 4*l = -5*d - l + 410, -l = q. What is the tens digit of d?
8
Let g(z) = z**2 + 10*z + 1. Let f be g(-11). Suppose -2*m = -5*a - 12, -4*a - f = m - 3*m. Suppose m*d - 110 = d. What is the tens digit of d?
2
Let q(j) = 2181*j - 32. What is the units digit of q(9)?
7
Let r be (-32)/(-24)*(8 - 2). Suppose -4*q = -3*j - 12, 2*q + 3*j - r = 4*j. Suppose 46 = 7*s - q*s. What is the units digit of s?
6
Suppose 390700 - 1304944 = -57*y + 2243898. What is the hundreds digit of y?
4
What is the units digit of (-11119)/(-17 - (-495)/30)?
8
Let c be (0 - 1) + 3 + (1 - 0). Suppose 3*r = y + 6*r - 8, -r = c*y + 8. What is the tens digit of ((-13)/y)/(5/(-700)*-7)?
6
Suppose -o - 6689 = -3*a, 2227 = a + 3*o - 2*o. What is the units digit of a?
9
Suppose -3*a + 0*g = g - 1, -3*a + 5 = -g. Let b be ((-39)/(-6))/(a/2). Suppose b*u - 10*u - 156 = 0. What is the tens digit of u?
5
Let c(y) be the third derivative of 23*y**4/12 + 19*y**3/3 - 3*y**2. Let i(u) = 15*u + 13. Let j(n) = 4*c(n) - 11*i(n). What is the units digit of j(5)?
4
Let y be ((-10)/15)/(20/(-90)). What is the units digit of 12*(-4 - (-62)/y)?
0
Suppose 6*w - 32 = 2*w. Let b = 262 + w. Suppose b = 6*g - g. What is the units digit of g?
4
Let o be (-24)/(-48)*24/((-3)/(-1)). Suppose 3*m + 660 = 3*l, o*l + 0*m = -5*m + 862. What is the tens digit of l?
1
What is the tens digit of (-31)/((-248)/98128) - -12?
7
Suppose 5*y + 4*l = 1, -4*y - 16 = 2*l - 12. What is the thousands digit of ((-1)/2)/(y/6708)?
1
Let m be -4*(27/36)/(3/(-2)). Suppose -m*r + 16 - 8 = 0. Let z(c) = 2*c**2 - 5*c + 1. What is the units digit of z(r)?
3
Let d(c) = -8*c**3 - 21*c**2 - 21*c - 11. Let z be d(-8). Suppose 10*l + 479 - z = 0. What is the hundreds digit of l?
2
Suppose 203*p = 68856 + 716145. What is the units digit of p?
7
Let g(o) = -45*o**3 - 6*o**2 - 19*o + 3. Let u(q) = -44*q**3 - 6*q**2 - 18*q + 2. Let m(r) = -5*g(r) + 6*u(r). What is the units digit of m(-2)?
1
Let r(q) = -q**3 - 7*q**2 + 9*q + 8. Let b be r(-8). Let w(y) = y + 107. Let u be w(b). Let k = u - 19. What is the units digit of k?
8
Let l = -35896 + 58319. What is the units digit of l?
3
Let h(x) = -5*x**3 + x**2 + x - 1. Let j be h(-1). Suppose -j*k = -5176 - 240. What is the hundreds digit of k?
3
Let j = 185 - 570. Let g = j + 929. What is the units digit of g?
4
Let b = -5518 + 8158. What is the tens digit of b?
4
Suppose 224*y - 217*y = -1449. Let t = 487 + y. What is the units digit of t?
0
Let v = -8905 - -10190. What is the units digit of v?
5
Suppose -353*q = -339*q - 910. What is the units digit of 100285/q - (-20)/130?
3
Suppose -25 = 5*o, 0 = -3*k + 3*o + 3910 + 51404. What is the hundreds digit of k?
4
Let p = -16045 + 25505. Suppose 14*m - 4*m - p = 0. What is the tens digit of m?
4
Suppose -6*t + w - 1238 = -10*t, -4*t + 3*w + 1246 = 0. Suppose 17*i - t = 9414. What is the units digit of i?
2
Let s(r) be the first derivative of 2*r**3/3 + r**2/2 + 18*r + 8. What is the tens digit of s(0)?
1
What is the thousands digit of 2/(8/85905) + (-2)/(-64)*-8?
1
Let t = 2556 + -2278. What is the tens digit of t?
7
Let f(d) = d**3 - 10*d**2 + 27*d - 9. Let z be f(7). Let w(o) = 53*o - 275. What is the units digit of w(z)?
4
What is the thousands digit of 4*(8 - 17)/(-90) - (-2006268)/30?
6
Let t(j) = 67*j - 68. Let o be t(-5). What is the tens digit of -1*(-8)/(-28)*7 - o?
0
Suppose -4767*k = -4766*k - 4559. What is the units digit of k?
9
What is the units digit of (14*26)/(50/225)?
8
Let p = -553 + 1158. Let b = p + -399. What is the hundreds digit of b?
2
Let p = 231638 - 156743. What is the ten thousands digit of p?
7
Let s(x) = -341*x**2 + 16*x + 88. Let u be s(-6). What is the thousands digit of 2 - u/12 - 8/(-24)?
1
Suppose -10*n + 8 = -22. Suppose 1336 = n*v + 235. What is the units digit of v?
7
Let m be (-56)/(-21)*-1*12. Let z = 36 + m. What is the units digit of (-12)/(5/(-10)*z)?
6
Let x(k) be the second derivative of 25*k**4/12 + 4*k**3/3 + 2*k**2 + k. Let r = 4 + -1. What is the units digit of x(r)?
3
Suppose 22*f - 17*f + 2*n - 42171 = 0, 0 = 4*f + 5*n - 33747. What is the tens digit of (-2)/6 + f/27?
1
Suppose 4*m - 28 = 4. Suppose -m*q + 3*q = -1795. Suppose i + 48 = 3*g - q, -2*g = 3*i - 264. What is the units digit of g?
5
Let z = 11 - 6. Let x(r) = -3*r + 23. Let l(a) = -a + 48. Let h(i) = 2*l(i) - 5*x(i). What is the tens digit of h(z)?
4
Suppose 17*t - 10*t = 44037. What is the hundreds digit of t?
2
Suppose 3*x = 5*k - 19, 2*k + 7 = 3*k + x. Let r = k - -1. Let t(i) = 19*i - 21. What is the tens digit of t(r)?
9
Suppose 21*z + 423 = -2958. Let s = 217 + z. What is the units digit of s?
6
Let g(r) = 10*r**2 + 17*r + 5. Let n(b) = 7*b**2 + 11*b + 3. Let w = -10 - -15. Let s(k) = w*g(k) - 7*n(k). What is the units digit of s(6)?
8
Let u = -45 + 49. What is the hundreds digit of (194/u)/((-28)/(-392))?
6
Let y(g) = -4*g**2 + 294*g - 251. What is the tens digit of y(65)?
5
Let i(w) = -267*w + 3526. What is the thousands digit of i(-70)?
2
Let a = -22678 + 39500. What is the units digit of a?
2
Let o(i) = 43*i**3 - i. Let q be o(1). Suppose -q = 5*g - 47. What is the units digit of 76/12*g*3?
9
Let t(y) be the first derivative of -y**4/4 + 13*y**3/3 - 3*y**2/2 - 17*y + 7. Let m(w) = 4*w + 64. Let b be m(-13). What is the tens digit of t(b)?
9
Suppose 1448*i + 220512 = 1480*i. What is the tens digit of i?
9
Suppose a - o + 814 = 4846, 0 = -5*a - 2*o + 20118. What is the units digit of a?
6
Suppose 6 + 5 = -11*x. What is the units digit of (x - 1) + (376 - -8) + 4?
6
Let l(j) = 2122*j**3 - 2*j**2 + 11*j - 28. What is the ten thousands digit of l(3)?
5
Let j = 775 - 1294. Let y = j + 531. What is the tens digit of y?
1
Suppose -83*w + 341477 + 82263 = -70608. What is the tens digit of w?
5
Let w = -442 - -97. What is the tens digit of 8/92 + (-263550)/w?
6
Let q = 7840 + 27959. What is the hundreds digit of q?
7
Let a be 6/16 - 830/80. Let p(n) = -2*n**3 - 18*n**2 - 14*n - 9. What is the hundreds digit of p(a)?
3
Let k = 5937 - 922. What is the units digit of k?
5
Let f(c) = -49*c**2 - 3*c + 68124. What is the tens digit of f(0)?
2
Let k(w) = 1 + 7 - 9. Let q(m) = -26*m + 8. Let a(f) = 6*k(f) + q(f). What is the tens digit of a(-8)?
1
Suppose 144*z - 102028 = 121*z. What is the units digit of z?
6
Let p be (86 - -4) + (12 - 7). Let t = p - 8. What is the tens digit of t?
8
What is the tens digit of 2096 - -80 - (3 - 4)*-5?
7
Suppose 77 = 3*z + 2*d, -z + 6*z + 4*d = 131. Suppose -3*u = -25*o + z*o + 2298, -3*u - 5727 = -5*o. What is the tens digit of o?
4
Let r be (24/(-16))/(2/12). What is the units digit of (-18)/81 - 4079/r?
3
Let z(x) be the first derivative of -x**4/4 + x**3 + 11*x**2/2 - 3*x + 3. Let k be z(5). What is the units digit of 3 + 4/k - -237?
2
Let q(u) = 46*u - 45*u + 8 - 38. Let m(a) = -2*a + 29. Let s(y) = -3*m(y) - 4*q(y). What is the tens digit of s(0)?
3
Let y = 107 - 111. What is the tens digit of (105/1)/((-210)/(-50) + y)?
2
Let f(d) = -d**3 + 38*d**2 + 78*d + 81. Let j be f(40). Suppose 16 = -2*l - 0. What is the hundreds digit of (-1132)/l - (2/4)/j?
1
Let c be (-1)/4 - 190/8. Let g be (-56)/(-252) + (-268)/(-9). Let n = g + c. What is the units digit of n?
6
Let y = -72 - -72. Suppose 2*u - u + 5 = y. Let x(q) = 6*q**2 - 7*q - 10. What is the units digit of x(u)?
5
Suppose 4*j - 70378 = 28326. What is the units digit of j?
6
Suppose -6*b = 3*b - 1953. Let n = b - 173. What is the units digit of n?
4
Suppose -4*i - 8982 = -63582. Suppose -6*c = 20*c - i. What is the hundreds digit of c?
5
Let d(c) = -37*c - 42. Let w be (28/(-14))/(-1 + 6/5). What is the hundreds digit of d(w)?
3
Let l = -593 - -833. Let q = l - -1069. What is the units digit of q?
9
